4*y = -2738. What is the highest common divisor of g and 26?
26
Suppose 7*k - 621 = -61. Suppose -587 - 1328 = -5*c. Suppose 217 = 5*g + 2*i - c, -4*g + 480 = 3*i. Calculate the highest common divisor of k and g.
40
Let i = -145 + 164. Calculate the highest common factor of 2489 and i.
19
Let k(p) = 14*p - 91. Let g be k(15). Let j = 148 - g. What is the greatest common divisor of j and 319?
29
Let d = 4029 + -3937. Calculate the highest common divisor of 736 and d.
92
Let d be 1/8 + 133/152 + -2. Let b be 4/(-6)*d/(-1)*-6. What is the highest common factor of 36 and b?
4
Let t(m) = 42*m - 1106. Let d be t(67). What is the greatest common factor of 4 and d?
4
Let x(w) = 5*w**3 + 2*w**2 + 6*w - 10. Let y be x(3). Calculate the highest common factor of y and 805.
161
Let a(d) = -3*d**3 + 31*d**2 - 36*d - 12. Let l be a(8). Calculate the highest common factor of l and 3478.
74
Suppose -600*m + 2171 = -25429. Calculate the greatest common factor of 270 and m.
2
Suppose 46*v + 5*w + 9089 = 47*v, -2*w = 2*v - 18238. What is the greatest common factor of v and 84?
42
Let c(b) = 312*b + 1884. Let n be c(-6). What is the highest common divisor of 2181 and n?
3
Suppose 0 = -2*i + 2*u, -i + 0*u - u + 8 = 0. Suppose -3*s + d = -2*s - 110, 0 = i*s + d - 430. What is the greatest common factor of 72 and s?
36
Let n(r) be the first derivative of -133*r**2/2 + 29*r + 79. Let a be n(-1). What is the highest common factor of a and 243?
81
Suppose l - 39 = -k, 4*l - 128 = -59*k + 62*k. Suppose 0 = 5*x + o - 47, 3*x + o - 20 = 7. What is the highest common divisor of x and l?
5
Suppose 4*g - 7*g - 12 = -3*a, 4 = 3*g + 5*a. Let q be g/((-18)/(-12) + -1) + 212. What is the highest common factor of q and 26?
26
Let r be (9/14 + (-13)/91)*114. Suppose -x - r = 2*x - 3*a, 4*a - 25 = x. Let l = x - -87. What is the highest common divisor of 10 and l?
10
Let w(m) = -3*m - 3. Let a be w(5). Let b be (42/(-18))/(13/195). Let i = a - b. What is the greatest common divisor of i and 51?
17
Let y be 2/1 - (5 - (83 + -8)). Let p be (2 + -1)*-1*-54. Calculate the highest common divisor of p and y.
18
Suppose 4*p - 312 = -5*i - 15, 4*p - 262 = 2*i. Suppose 4*t + t - p = 4*s, 4*s + 8 = 0. What is the highest common divisor of 60 and t?
12
Let o = 15455 + -12527. What is the greatest common factor of o and 192?
48
Let t(d) = -d**2 - d - 2. Let n be t(-3). Let f = 18 - n. Suppose -l + f = -18. Calculate the greatest common divisor of l and 4.
4
Let z(l) = -l**2 - 3*l - 5. Let f be z(6). Let c = f + 62. Let w(s) = -s**3 + 3*s**2 - s + 7. Let x be w(c). Calculate the greatest common divisor of x and 44.
4
Suppose 0*j - 2 = 2*j, 4*j + 200 = -y. Let t be 50/20*y/(-10). What is the highest common divisor of 245 and t?
49
Let z be (-8 - -56)/(3/(42/28)). Calculate the greatest common divisor of 276 and z.
12
Let x be (-21)/(-63)*(-2859)/(-1). Suppose -7*w = -1315 - x. Calculate the highest common divisor of w and 12.
12
Let z = -33821 - -60687. Calculate the highest common factor of 266 and z.
266
Suppose -24*g + 225 + 279 = 0. Let m = 28 - -28. Calculate the greatest common factor of m and g.
7
Let n be 4/(-14) + 438/14. Suppose t - 32 = -4*y, -4*t + 130 = -3*y + 135. Let g = n - y. Calculate the highest common factor of 16 and g.
8
Let g(f) = 85*f**2 - 88*f + 1403. Let p be g(19). What is the highest common factor of 16 and p?
16
Suppose 44*p - 46*p = 42. Let q be (-942)/p + 1/7. Let x be -3*((-300)/q - 4/(-3)). What is the highest common divisor of 32 and x?
16
Let x = 6381 - 5037. What is the greatest common factor of x and 90?
6
Let o = -44 + 58. Let p be 16/(-6)*855/(-60). Let i = p - o. What is the highest common divisor of i and 24?
24
Let h = 191 - 100. Let c(i) = -198*i + 168. Let x be c(14). Let d be 248/x - 550/(-42). What is the greatest common factor of d and h?
13
Let f = 465 - 297. Let n = f + 56. What is the greatest common divisor of n and 128?
32
Let s = 7975 + -7959. Calculate the highest common factor of s and 2792.
8
Suppose -105*w - 677958 = -2635473. What is the greatest common factor of 206 and w?
103
Let o(f) = f + 187. Let n(d) = 3*d + 657. Let y(h) = -5*n(h) + 18*o(h). Let a be y(-10). Calculate the highest common divisor of 187 and a.
17
Let u(r) be the first derivative of -12*r - 1/3*r**3 - 11/2*r**2 + 9. Let n be u(-7). Calculate the greatest common factor of n and 16.
16
Suppose 3*w + f = 7*w + 55, -f + 41 = -3*w. Let j be ((-8)/w)/((-12)/(-42)). Let p be 9 + 6 + 10/j. What is the greatest common divisor of 8 and p?
4
Let r be 2 + (3 + 0)/((-15)/(-80)). Suppose -r*n + 8*n = -1120. Calculate the greatest common factor of n and 8.
8
Suppose j - 4 = 2. Let a(r) = -r**2 + 3*r + 8. Let q be a(j). Let t be -36*(-3 + q/(-4)). Calculate the highest common divisor of 27 and t.
9
Let v(i) = -2*i + 118. Let l be v(42). Suppose -16*y + 15*y + l = 3*x, -2*y + 4*x + 108 = 0. Calculate the greatest common divisor of y and 46.
46
Let g(x) = -x**2 + 9*x + 9. Let t be g(7). Suppose -2739 = 4*o - 3015. Calculate the highest common divisor of o and t.
23
Let w(j) = 4*j**2 - 65*j + 20. Let g be w(16). Let n = 35 + 33. Calculate the highest common divisor of n and g.
4
Let b(y) = 51*y - 9. Let j be b(9). Suppose -73 = i - j. Suppose 0*u - 4*f + 232 = 3*u, -5*u + 3*f = -i. What is the highest common divisor of u and 19?
19
Suppose -239*l = -240*l + 7. Let u(n) = n**3 - 7*n**2 + 7*n + 19. Let v be u(l). What is the highest common divisor of 187 and v?
17
Let g = 26 + -60. Let l = g + 36. Suppose -l*k + 19 = q, -4*q + 28 = 3*k - 2*q. What is the greatest common divisor of k and 80?
10
Let k(y) = -4*y**3 - 7*y**2 + 9*y - 10. Suppose -2*g = -w + 5, 3*w - 8*w - 35 = 2*g. Let v be k(w). What is the highest common factor of v and 10?
10
Let z(f) = 14*f**2 - 6*f + 8. Let n be z(2). Let m = -42 + 224. Calculate the greatest common divisor of m and n.
26
Suppose -41601 - 83782 = -86*v + 69149. What is the greatest common factor of 156 and v?
78
Let l be (-4)/14 - (-158460)/420. Suppose 0 = -380*h + l*h + 54. Calculate the highest common factor of h and 54.
18
Let x be (17238/845)/((-2)/(-20)). What is the highest common divisor of x and 204?
204
Let y(i) = 6*i - 88. Let w be y(18). Suppose -w*b + 870 = -5*b. Calculate the highest common factor of b and 58.
58
Let z be (5 - (3 + (-35)/3)) + 3/9. What is the greatest common divisor of 114 and z?
2
Let w be (49 - 1155)*5/(-10). Calculate the highest common factor of w and 158.
79
Let q = 11797 + -11368. Calculate the highest common divisor of q and 975.
39
Suppose -y + 65 + 398 = 3*d, -166 = -d + 2*y. Calculate the greatest common factor of 1131 and d.
39
Let h be ((-12)/(-24))/(3 - (-22955)/(-7652)). Let u be h/14 + (74/(-14) - -5). What is the highest common divisor of 39 and u?
39
Suppose -3*p = 2*p + a - 799, p - 157 = -3*a. Suppose m + 4 - p = 4*y, 2*m - 303 = 5*y. Calculate the highest common divisor of 16 and m.
16
Suppose 4*m = -2*d - 81 - 1399, 4*d + 1472 = -4*m. Let n = m + 408. What is the greatest common divisor of n and 27?
9
Suppose 17*b - 9381 = 8945. What is the greatest common factor of 33 and b?
11
Suppose 0 = 6*u - 8*u + 42. Suppose 14*z = u*z - 84. Calculate the highest common factor of 60 and z.
12
Let h(v) = -159*v + 6. Let b be h(1). Let n = b + 206. Calculate the greatest common divisor of 53 and n.
53
Let r be (-3 - (-488)/22) + 106/(-583). What is the greatest common divisor of r and 5567?
19
Let l = 6052 + -6050. What is the greatest common factor of l and 1200?
2
Let k be (-7 - (-7)/1)/(-1*2). Suppose 4*m - 5 - 7 = k. Suppose -21 = -4*z - m*n, 3*z - 4*n = -z + 28. What is the highest common factor of 42 and z?
6
Let i = -4684 + 4702. Let y be 36*(0 + (-18)/(-4)). Suppose -8*s + 6*s = -y. Calculate the highest common factor of s and i.
9
Suppose -18*g + 286 + 7994 = 0. Suppose g = -l + 493. What is the greatest common factor of l and 22?
11
Suppose 203*g = 200*g. Suppose 3*l - 2*c = -0*c + 59, g = 2*l - 3*c - 36. Calculate the greatest common divisor of l and 21.
21
Suppose -12*g + 13*g - 296 = 0. Suppose -3995 = -3*w - g. Let z = w - 848. What is the highest common divisor of 35 and z?
35
Let x be (4 - 6)/(4/(-832) + 0). Let k = 95 + -69. What is the highest common factor of x and k?
26
Suppose 4*v = -12, -k 